{"id":10,"date":"2013-06-25T14:56:45","date_gmt":"2013-06-25T17:56:45","guid":{"rendered":"http:\/\/sindespe.org.br\/portal\/?page_id=10"},"modified":"2025-09-03T10:27:15","modified_gmt":"2025-09-03T13:27:15","slug":"contato","status":"publish","type":"page","link":"https:\/\/sindpenal.org.br\/portal\/contato\/","title":{"rendered":"Contato"},"content":{"rendered":"<table border=\"0\" width=\"100%\" cellspacing=\"0\" cellpadding=\"2\">\n<tbody>\n<tr>\n<td><strong><span style=\"color: #333333; font-family: Georgia, 'Times New Roman', 'Bitstream Charter', Times, serif; font-size: small;\">SINDESPE &#8211; SINDICATO DOS AGENTES DE ESCOLTA E VIGIL\u00c2NCIA PENITENCI\u00c1RIA DO ESTADO DE S\u00c3O PAULO<\/span><\/strong><\/td>\n<\/tr>\n<tr>\n<td valign=\"top\">\n<div><span style=\"color: #ffffff;\">a<\/span><\/div>\n<div><span style=\"color: #ffffff;\">a<\/span><\/div>\n<div>Assessoria de Imprensa: (11)\u00a094486-9175<\/div>\n<div><span style=\"color: #ffffff;\">a<\/span><\/div>\n<div><span style=\"color: #ffffff;\">a<\/span><\/div>\n<div><\/div>\n<div><strong><span style=\"color: #333333;\">SEDE &#8211; CAMPINAS\/SP<\/span><\/strong><\/div>\n<div>\n<div>\n<div><span style=\"color: #333333; font-family: Georgia, 'Times New Roman', 'Bitstream Charter', Times, serif; font-size: small;\">Rua Capit\u00e3o Pedro de Alc\u00e2ntara, 185<br \/>\n<\/span><\/div>\n<div><span style=\"color: #333333; font-family: Georgia, 'Times New Roman', 'Bitstream Charter', Times, serif; font-size: small;\">Ponte Preta &#8211; Jardim Primavera &#8211; CEP: 13026-470<\/span><\/div>\n<div><span style=\"color: #333333; font-family: Georgia, 'Times New Roman', 'Bitstream Charter', Times, serif; font-size: small;\">Fones: (19)\u00a03325-9967<\/span><\/div>\n<div>WhatsApp:\u00a0(11)\u00a094486-9175<\/div>\n<div><span style=\"color: #333333; font-family: Georgia, 'Times New Roman', 'Bitstream Charter', Times, serif; font-size: small;\">e-mail:\u00a0<a href=\"mailto:sindicato@sindpenal.org.br\">sindicato@sindpenal.org.br<\/a><\/span><\/div>\n<div><strong><span style=\"color: #333333;\">Obs: Hor\u00e1rio de atendimento\u00a0 na sede 9:00 \u00e0s 15:00 h\u00f3ras<\/span><\/strong><\/div>\n<\/div>\n<\/div>\n<div><span style=\"color: #ffffff;\">a<\/span><\/div>\n<div><\/div>\n<div>\n<div><span style=\"color: #ffffff;\">\u00a0a<\/span><\/div>\n<div><span style=\"color: #ffffff;\">\u00a0<\/span><\/div>\n<div><strong style=\"font-family: inherit; font-size: inherit;\"><span style=\"color: #333333; font-family: Georgia, 'Times New Roman', 'Bitstream Charter', Times, serif; font-size: small;\">JUR\u00cdDICO &#8211; BAURU\/SP<\/span><\/strong><\/div>\n<\/div>\n<div>\n<div>\n<div>Avenida Get\u00falio Vargas, 22-25, Torre 1, Sala 1401, Edif\u00edcio Prime Square<\/div>\n<div><span style=\"color: #333333; font-family: Georgia, 'Times New Roman', 'Bitstream Charter', Times, serif; font-size: small;\">Jardim Europa &#8211; CEP 17017-383<\/span><\/div>\n<div><span style=\"color: #333333; font-family: Georgia, 'Times New Roman', 'Bitstream Charter', Times, serif; font-size: small;\">Fone:(14)-3204.9998<\/span><\/div>\n<div>WhatsApp: (14) 99811-7975<\/div>\n<div><span style=\"color: #333333; font-family: Georgia, 'Times New Roman', 'Bitstream Charter', Times, serif; font-size: small;\">e-mail: <a href=\"mailto:juridico@sindpenal.org.br\">juridico@sindpenal.org.br<\/a><\/span><\/div>\n<div><span style=\"color: #333333;\">Hor\u00e1rio de Almo\u00e7o: 12:00 \u00e0s 14:00 hrs.<\/span><\/div>\n<\/div>\n<\/div>\n<\/td>\n<\/tr>\n<\/tbody>\n<\/table>\n<div id=\"icpbravoaccess_loaded\"><\/div>\n<div id=\"icpbravoaccess_loaded\"><\/div>\n<div id=\"icpbravoaccess_loaded\"><\/div>\n<div id=\"icpbravoaccess_loaded\"><\/div>\n<div id=\"icpbravoaccess_loaded\"><\/div>\n<div id=\"icpbravoaccess_loaded\"><\/div>\n<div id=\"icpbravoaccess_loaded\"><\/div>\n<div id=\"icpbravoaccess_loaded\"><\/div>\n<div id=\"icpbravoaccess_loaded\"><\/div>\n<div id=\"icpbravoaccess_loaded\"><\/div>\n<div id=\"icpbravoaccess_loaded\"><\/div>\n<div id=\"icpbravoaccess_loaded\"><\/div>\n<div id=\"icpbravoaccess_loaded\"><\/div>\n<div id=\"icpbravoaccess_loaded\"><\/div>\n<div id=\"icpbravoaccess_loaded\"><\/div>\n<div id=\"icpbravoaccess_loaded\"><\/div>\n<div id=\"icpbravoaccess_loaded\"><\/div>\n","protected":false},"excerpt":{"rendered":"<p>SINDESPE &#8211; SINDICATO DOS AGENTES DE ESCOLTA E VIGIL\u00c2NCIA PENITENCI\u00c1RIA DO ESTADO DE S\u00c3O PAULO a a Assessoria de Imprensa: (11)\u00a094486-9175 a a SEDE &#8211; CAMPINAS\/SP Rua Capit\u00e3o Pedro de Alc\u00e2ntara, 185 Ponte Preta &#8211; Jardim Primavera &#8211; CEP: 13026-470 Fones: (19)\u00a03325-9967 WhatsApp:\u00a0(11)\u00a094486-9175 e-mail:\u00a0sindicato@sindpenal.org.br Obs: Hor\u00e1rio de atendimento\u00a0 na sede 9:00 \u00e0s 15:00 h\u00f3ras a \u00a0a \u00a0 JUR\u00cdDICO &#8211; BAURU\/SP Avenida Get\u00falio Vargas, 22-25, Torre 1, Sala 1401, Edif\u00edcio Prime&#8230;<\/p>\n","protected":false},"author":2,"featured_media":0,"parent":0,"menu_order":0,"comment_status":"closed","ping_status":"closed","template":"","meta":{"footnotes":"","_joinchat":[]},"_links":{"self":[{"href":"https:\/\/sindpenal.org.br\/portal\/wp-json\/wp\/v2\/pages\/10"}],"collection":[{"href":"https:\/\/sindpenal.org.br\/portal\/wp-json\/wp\/v2\/pages"}],"about":[{"href":"https:\/\/sindpenal.org.br\/portal\/wp-json\/wp\/v2\/types\/page"}],"author":[{"embeddable":true,"href":"https:\/\/sindpenal.org.br\/portal\/wp-json\/wp\/v2\/users\/2"}],"replies":[{"embeddable":true,"href":"https:\/\/sindpenal.org.br\/portal\/wp-json\/wp\/v2\/comments?post=10"}],"version-history":[{"count":119,"href":"https:\/\/sindpenal.org.br\/portal\/wp-json\/wp\/v2\/pages\/10\/revisions"}],"predecessor-version":[{"id":24017,"href":"https:\/\/sindpenal.org.br\/portal\/wp-json\/wp\/v2\/pages\/10\/revisions\/24017"}],"wp:attachment":[{"href":"https:\/\/sindpenal.org.br\/portal\/wp-json\/wp\/v2\/media?parent=10"}],"curies":[{"name":"wp","href":"https:\/\/api.w.org\/{rel}","templated":true}]}}

<table border="0" width="100%" cellspacing="0" cellpadding="2">
<tbody>
<tr>
<td><strong><span style="color: #333333; font-family: Georgia, 'Times New Roman', 'Bitstream Charter', Times, serif; font-size: small;">SINDESPE &#8211; SINDICATO DOS AGENTES DE ESCOLTA E VIGILÂNCIA PENITENCIÁRIA DO ESTADO DE SÃO PAULO</span></strong></td>
</tr>
<tr>
<td valign="top">
<div><span style="color: #ffffff;">a</span></div>
<div><span style="color: #ffffff;">a</span></div>
<div>Assessoria de Imprensa: (11) 94486-9175</div>
<div><span style="color: #ffffff;">a</span></div>
<div><span style="color: #ffffff;">a</span></div>
<div></div>
<div><strong><span style="color: #333333;">SEDE &#8211; CAMPINAS/SP</span></strong></div>
<div>
<div>
<div><span style="color: #333333; font-family: Georgia, 'Times New Roman', 'Bitstream Charter', Times, serif; font-size: small;">Rua Capitão Pedro de Alcântara, 185<br />
</span></div>
<div><span style="color: #333333; font-family: Georgia, 'Times New Roman', 'Bitstream Charter', Times, serif; font-size: small;">Ponte Preta &#8211; Jardim Primavera &#8211; CEP: 13026-470</span></div>
<div><span style="color: #333333; font-family: Georgia, 'Times New Roman', 'Bitstream Charter', Times, serif; font-size: small;">Fones: (19) 3325-9967</span></div>
<div>WhatsApp: (11) 94486-9175</div>
<div><span style="color: #333333; font-family: Georgia, 'Times New Roman', 'Bitstream Charter', Times, serif; font-size: small;">e-mail: <a href="mailto:sindicato@sindpenal.org.br">sindicato@sindpenal.org.br</a></span></div>
<div><strong><span style="color: #333333;">Obs: Horário de atendimento  na sede 9:00 às 15:00 hóras</span></strong></div>
</div>
</div>
<div><span style="color: #ffffff;">a</span></div>
<div></div>
<div>
<div><span style="color: #ffffff;"> a</span></div>
<div><span style="color: #ffffff;"> </span></div>
<div><strong style="font-family: inherit; font-size: inherit;"><span style="color: #333333; font-family: Georgia, 'Times New Roman', 'Bitstream Charter', Times, serif; font-size: small;">JURÍDICO &#8211; BAURU/SP</span></strong></div>
</div>
<div>
<div>
<div>Avenida Getúlio Vargas, 22-25, Torre 1, Sala 1401, Edifício Prime Square</div>
<div><span style="color: #333333; font-family: Georgia, 'Times New Roman', 'Bitstream Charter', Times, serif; font-size: small;">Jardim Europa &#8211; CEP 17017-383</span></div>
<div><span style="color: #333333; font-family: Georgia, 'Times New Roman', 'Bitstream Charter', Times, serif; font-size: small;">Fone:(14)-3204.9998</span></div>
<div>WhatsApp: (14) 99811-7975</div>
<div><span style="color: #333333; font-family: Georgia, 'Times New Roman', 'Bitstream Charter', Times, serif; font-size: small;">e-mail: <a href="mailto:juridico@sindpenal.org.br">juridico@sindpenal.org.br</a></span></div>
<div><span style="color: #333333;">Horário de Almoço: 12:00 às 14:00 hrs.</span></div>
</div>
</div>
</td>
</tr>
</tbody>
</table>
<div id="icpbravoaccess_loaded"></div>
<div id="icpbravoaccess_loaded"></div>
<div id="icpbravoaccess_loaded"></div>
<div id="icpbravoaccess_loaded"></div>
<div id="icpbravoaccess_loaded"></div>
<div id="icpbravoaccess_loaded"></div>
<div id="icpbravoaccess_loaded"></div>
<div id="icpbravoaccess_loaded"></div>
<div id="icpbravoaccess_loaded"></div>
<div id="icpbravoaccess_loaded"></div>
<div id="icpbravoaccess_loaded"></div>
<div id="icpbravoaccess_loaded"></div>
<div id="icpbravoaccess_loaded"></div>
<div id="icpbravoaccess_loaded"></div>
<div id="icpbravoaccess_loaded"></div>
<div id="icpbravoaccess_loaded"></div>
<div id="icpbravoaccess_loaded"></div>

<p>SINDESPE &#8211; SINDICATO DOS AGENTES DE ESCOLTA E VIGILÂNCIA PENITENCIÁRIA DO ESTADO DE SÃO PAULO a a Assessoria de Imprensa: (11) 94486-9175 a a SEDE &#8211; CAMPINAS/SP Rua Capitão Pedro de Alcântara, 185 Ponte Preta &#8211; Jardim Primavera &#8211; CEP: 13026-470 Fones: (19) 3325-9967 WhatsApp: (11) 94486-9175 e-mail: sindicato@sindpenal.org.br Obs: Horário de atendimento  na sede 9:00 às 15:00 hóras a  a   JURÍDICO &#8211; BAURU/SP Avenida Getúlio Vargas, 22-25, Torre 1, Sala 1401, Edifício Prime&#8230;</p>
